{"id":39,"date":"2015-10-01T19:33:36","date_gmt":"2015-10-01T19:33:36","guid":{"rendered":"http:\/\/aep61-74.org\/?page_id=39"},"modified":"2022-08-17T12:45:00","modified_gmt":"2022-08-17T12:45:00","slug":"livroexilios","status":"publish","type":"page","link":"https:\/\/nsf.pt\/index.php\/livroexilios\/","title":{"rendered":"Livros Ex\u00edlios"},"content":{"rendered":"<h3>INFORMATION<\/h3>\n<h5>Livre, Book, Boek, Bog, Bok<\/h5>\n<p><a href=\"http:\/\/aep61-74.org\/wp-content\/uploads\/2015\/11\/VFRANCES.pdf\" target=\"_blank\" rel=\"noopener noreferrer\">Fran\u00e7ais&nbsp; | <\/a><a href=\"http:\/\/aep61-74.org\/wp-content\/uploads\/2015\/10\/VINGLE\u0302S.pdf\" target=\"_blank\" rel=\"noopener noreferrer\">English | Information |&nbsp; <\/a><a href=\"http:\/\/aep61-74.org\/wp-content\/uploads\/2015\/10\/VHOLANDE\u0302S.pdf\" target=\"_blank\" rel=\"noopener noreferrer\">Dutch | <\/a><a href=\"http:\/\/aep61-74.org\/wp-content\/uploads\/2015\/10\/VDINAMARQUE\u0302S.pdf\" target=\"_blank\" rel=\"noopener noreferrer\">Dansk &nbsp; <\/a><a href=\"http:\/\/aep61-74.org\/wp-content\/uploads\/2015\/11\/VSUECOBok.pdf\" target=\"_blank\" rel=\"noopener noreferrer\">Svensk<\/a><\/p>\n<hr>\n<h4>Pode adquirir os livros Ex\u00edlios.1 e Ex\u00edlios.2&nbsp;<\/h4>\n<p>Contato: carlos.neves@aep61-74.org<\/p>\n<p><img decoding=\"async\" loading=\"lazy\" class=\"wp-image-1443 aligncenter\" src=\"http:\/\/aep61-74.org\/wp-content\/uploads\/2018\/02\/EXI\u0301LIOS2-KAPA.jpg\" alt=\"\" width=\"209\" height=\"278\" srcset=\"https:\/\/nsf.pt\/wp-content\/uploads\/2018\/02\/EXI\u0301LIOS2-KAPA.jpg 1242w, https:\/\/nsf.pt\/wp-content\/uploads\/2018\/02\/EXI\u0301LIOS2-KAPA-226x300.jpg 226w, https:\/\/nsf.pt\/wp-content\/uploads\/2018\/02\/EXI\u0301LIOS2-KAPA-768x1020.jpg 768w, https:\/\/nsf.pt\/wp-content\/uploads\/2018\/02\/EXI\u0301LIOS2-KAPA-771x1024.jpg 771w, https:\/\/nsf.pt\/wp-content\/uploads\/2018\/02\/EXI\u0301LIOS2-KAPA-113x150.jpg 113w\" sizes=\"(max-width: 209px) 100vw, 209px\" \/><\/p>\n\n\n<figure class=\"wp-block-image size-large is-resized\"><img decoding=\"async\" loading=\"lazy\" src=\"http:\/\/aep61-74.org\/wp-content\/uploads\/2015\/10\/newcapa-FINAL-821x1024.jpg\" alt=\"\" class=\"wp-image-68\" width=\"214\" height=\"267\" srcset=\"https:\/\/nsf.pt\/wp-content\/uploads\/2015\/10\/newcapa-FINAL-821x1024.jpg 821w, https:\/\/nsf.pt\/wp-content\/uploads\/2015\/10\/newcapa-FINAL-240x300.jpg 240w, https:\/\/nsf.pt\/wp-content\/uploads\/2015\/10\/newcapa-FINAL-120x150.jpg 120w, https:\/\/nsf.pt\/wp-content\/uploads\/2015\/10\/newcapa-FINAL.jpg 1000w\" sizes=\"(max-width: 214px) 100vw, 214px\" \/><\/figure>\n\n\n\n<p><strong><a href=\"http:\/\/aep61-74.org\/wp-content\/uploads\/2015\/10\/LIVRODEXILIOS1-2\u00aaSITE1.pdf\">EX\u00cdLIOS.1 Dispon\u00edvel aqui em formato PDFLIVROD&#8217;EXILIOS1-<\/a><\/strong><\/p>\n\n\n\n<ul><li>O livro <strong>Ex\u00edlios<\/strong> j\u00e1 se encontra \u00e0 venda em livrarias. Eis a lista:<\/li><li><strong><a href=\"http:\/\/palavra-de-viajante.pt\/\" target=\"_blank\" rel=\"noreferrer noopener\">Palavra de Viajante<\/a><\/strong>, Rua de S. Bento, 34 em Lisboa.<\/li><li><strong><a href=\"http:\/\/www.lapisdememorias.com\" target=\"_blank\" rel=\"noreferrer noopener\">L\u00e1pis de Mem\u00f3rias, <\/a><\/strong>Atrium Solum, Av. El\u00edsio de Moura, 85, Loja 9A, Coimbra<\/li><li><strong>Mensagem Aberta, <\/strong>rua Dr. Miguel Bombarda,68, 2600-190 Vila Franca de Xira<\/li><li><strong>Livraria \u201cA das artes\u201d, <\/strong>Sines<\/li><li><strong><a href=\"http:\/\/librairie.portugaise@wanadoo.fr\" target=\"_blank\" rel=\"noreferrer noopener\">Librairie Portugaise &amp; Br\u00e9silienne<\/a><\/strong> , 19\/21 rue des Foss\u00e9s Saint-Jacques, Place l&#8217;Estrapade &nbsp;&#8211; &nbsp;75005 Paris<br>M\u00e9tros : Luxembourg (Rer B), Place Monge ou Cardinal Lemoine. &nbsp;Bus : 21, 27, 84,89, etc.<\/li><li>Pode encontr\u00e1-lo ainda na <strong><a href=\"http:\/\/www.aja.pt\/contacto-lisboa\/\" target=\"_blank\" rel=\"noreferrer noopener\">AJA Lisboa<\/a><\/strong>, Rua de S. Bento 170<\/li><li><a href=\"http:\/\/www.aja.pt\/contacto-setubal\/\" target=\"_blank\" rel=\"noreferrer noopener\"><strong>Aja Set\u00fabal<\/strong><\/a>, rua detr\u00e1s da guarda, 26 a 34<br>2900-347 Set\u00fabal<\/li><li><strong><a href=\"http:\/\/ajanorte@gmail.com\" target=\"_blank\" rel=\"noreferrer noopener\">Aja Norte<\/a><\/strong>, Rua do Bonjardim 635 1\u00ba Tras.<br>4000-028 PORTO<\/li><\/ul>\n\n\n\n<p><strong>\u00cdNDICE<\/strong> &#8211; EX\u00cdLIOS N\u00ba 1<\/p>\n\n\n\n<p>Introdu\u00e7\u00e3o <strong>Fernando Cardoso<\/strong><\/p>\n\n\n\n<p>Pref\u00e1cio <strong>Rui Bebiano<\/strong><\/p>\n\n\n\n<p>A inevitabilidade do ex\u00edlio <strong>Teresa Perdig\u00e3o<\/strong><\/p>\n\n\n\n<p>N\u00e3o \u00e0 guerra colonial <strong>H\u00e9lder Mateus da Costa<\/strong><\/p>\n\n\n\n<p>Os dilemas n\u00e3o s\u00e3o o meu forte <strong>Carlos Estev\u00e3o<\/strong><\/p>\n\n\n\n<p>O maneta <strong>Carlos Ribeiro<\/strong><\/p>\n\n\n\n<p>A Grenoble do meu cora\u00e7\u00e3o <strong>Merita Andrade<\/strong><\/p>\n\n\n\n<p>A ida para Fran\u00e7a <strong>Manuel Branco<\/strong><\/p>\n\n\n\n<p>Mem\u00f3rias e coisas para serem contadas <strong>Manuel Branco<\/strong><\/p>\n\n\n\n<p>Na regi\u00e3o de Grenoble nos anos 61\/74 prepar\u00e1vamos a revolu\u00e7\u00e3o <strong>Manuel Branco<\/strong><\/p>\n\n\n\n<p>Folgas&#8230;s\u00f3 de quinze em quinze dias <strong>Teresa Couto<\/strong><\/p>\n\n\n\n<p>Ida e volta uma hist\u00f3ria de amor. Agora, ir para onde? <strong>Ana Rosenheim<\/strong><\/p>\n\n\n\n<p>Desertores e refract\u00e1rios <strong>Irene Lima Martins<\/strong><\/p>\n\n\n\n<p>1961-1967 N\u00e3o ser carne para canh\u00e3o&#8230; <strong>Vasco Martins<\/strong><\/p>\n\n\n\n<p>Non, je ne regrette rien <strong>Jos\u00e9 Torres<\/strong><\/p>\n\n\n\n<p>A passagem <strong>Fernando Cardoso<\/strong><\/p>\n\n\n\n<p>15 Rue du Moulinet, Paris XIII <strong>Fernando Cardoso<\/strong><\/p>\n\n\n\n<p>O grupo da Dinamarca <strong>Rui Guimar\u00e3es<\/strong><\/p>\n\n\n\n<p>Caminhos da deser\u00e7\u00e3o <strong>Ant\u00f3nio Paiva<\/strong><\/p>\n\n\n\n<p>25 A 74: O dia mais longo <strong>Rui Mota<\/strong><\/p>\n\n\n\n<p>Holanda: organiza\u00e7\u00f5es de solidariedade <strong>Rui Mota<\/strong><\/p>\n\n\n\n<p>Comit\u00e9 de Refugiados na Holanda: uma hist\u00f3ria por contar <strong>Rui Mota<\/strong><\/p>\n\n\n\n<p>Hotel Regina <strong>Joaquim Saraiva<\/strong><\/p>\n\n\n\n<p>Suzi e os outros <strong>Jorge Leit\u00e3o<\/strong><\/p>\n\n\n\n<p>Da Dinamarca&#8230;com amor <strong>Carlos Neves<\/strong><\/p>\n\n\n\n<p>A import\u00e2ncia pol\u00edtica da deser\u00e7\u00e3o <strong>Fernando Cardeira<\/strong><\/p>\n\n\n\n<p>Posf\u00e1cio <strong>Irene Pimentel<\/strong><\/p>\n\n\n\n<p>Desertion and Exile: Experience and Memory (A Kind of Preface)<\/p>\n\n\n\n<p>Desertion et exile: experience et m\u00e9moire (comme un pr\u00e9face)<\/p>\n\n\n\n<p>Imagens da \u00e9poca<\/p>\n\n\n\n<p>Estante de O Alarme<\/p>\n\n\n\n<p>Os livros que lemos<\/p>\n\n\n\n<p>Gloss\u00e1rio<\/p>\n\n\n\n<p>Que imagens<\/p>\n\n\n\n<p>Cr\u00e9ditos fotogr\u00e1ficos, agradecimentos<\/p>\n","protected":false},"excerpt":{"rendered":"<p>INFORMATION Livre, Book, Boek, Bog, Bok Fran\u00e7ais&nbsp; | English | Information |&nbsp; Dutch | Dansk&#8230;<\/p>\n","protected":false},"author":2,"featured_media":602,"parent":0,"menu_order":5,"comment_status":"closed","ping_status":"closed","template":"","meta":{"sfsi_plus_gutenberg_text_before_share":"","sfsi_plus_gutenberg_show_text_before_share":"","sfsi_plus_gutenberg_icon_type":"","sfsi_plus_gutenberg_icon_alignemt":"","sfsi_plus_gutenburg_max_per_row":"","ngg_post_thumbnail":0,"footnotes":""},"_links":{"self":[{"href":"https:\/\/nsf.pt\/index.php\/wp-json\/wp\/v2\/pages\/39"}],"collection":[{"href":"https:\/\/nsf.pt\/index.php\/wp-json\/wp\/v2\/pages"}],"about":[{"href":"https:\/\/nsf.pt\/index.php\/wp-json\/wp\/v2\/types\/page"}],"author":[{"embeddable":true,"href":"https:\/\/nsf.pt\/index.php\/wp-json\/wp\/v2\/users\/2"}],"replies":[{"embeddable":true,"href":"https:\/\/nsf.pt\/index.php\/wp-json\/wp\/v2\/comments?post=39"}],"version-history":[{"count":35,"href":"https:\/\/nsf.pt\/index.php\/wp-json\/wp\/v2\/pages\/39\/revisions"}],"predecessor-version":[{"id":1784,"href":"https:\/\/nsf.pt\/index.php\/wp-json\/wp\/v2\/pages\/39\/revisions\/1784"}],"wp:featuredmedia":[{"embeddable":true,"href":"https:\/\/nsf.pt\/index.php\/wp-json\/wp\/v2\/media\/602"}],"wp:attachment":[{"href":"https:\/\/nsf.pt\/index.php\/wp-json\/wp\/v2\/media?parent=39"}],"curies":[{"name":"wp","href":"https:\/\/api.w.org\/{rel}","templated":true}]}}