{"id":5451,"date":"2022-03-11T18:40:19","date_gmt":"2022-03-11T18:40:19","guid":{"rendered":"https:\/\/semfronteiras.eu\/?page_id=5451"},"modified":"2022-04-11T16:57:35","modified_gmt":"2022-04-11T16:57:35","slug":"dossie-trl-marinha-grande","status":"publish","type":"page","link":"https:\/\/nsf.pt\/index.php\/dossie-trl-marinha-grande\/","title":{"rendered":"TRL-MARINHA GRANDE"},"content":{"rendered":"\n<p><\/p>\n\n\n\n<div class=\"wp-block-columns is-layout-flex wp-container-12 wp-block-columns-is-layout-flex\">\n<div class=\"wp-block-column is-layout-flow wp-block-column-is-layout-flow\" style=\"flex-basis:100%\">\n<div class=\"wp-block-cover alignfull\" style=\"min-height:597px\"><span aria-hidden=\"true\" class=\"has-background-dim-60 wp-block-cover__gradient-background has-background-dim\"><\/span><img decoding=\"async\" class=\"wp-block-cover__image-background\" alt=\"\" src=\"https:\/\/s.w.org\/images\/core\/5.8\/forest.jpg\" data-object-fit=\"cover\"\/><div class=\"wp-block-cover__inner-container is-layout-flow wp-block-cover-is-layout-flow\">\n<div class=\"wp-block-columns is-layout-flex wp-container-6 wp-block-columns-is-layout-flex\">\n<div class=\"wp-block-column is-layout-flow wp-block-column-is-layout-flow\" style=\"flex-basis:100%\">\n<div class=\"wp-block-columns is-layout-flex wp-container-4 wp-block-columns-is-layout-flex\">\n<div class=\"wp-block-column is-layout-flow wp-block-column-is-layout-flow\" style=\"flex-basis:100%\">\n<div class=\"wp-block-columns is-layout-flex wp-container-2 wp-block-columns-is-layout-flex\">\n<div class=\"wp-block-column is-layout-flow wp-block-column-is-layout-flow\" style=\"flex-basis:100%\">\n<h2 class=\"alignwide has-text-color wp-block-heading\" style=\"color:#ffe074;font-size:64px\">Marinha Grande &#8211; TRL<\/h2>\n<\/div>\n<\/div>\n<\/div>\n<\/div>\n<\/div>\n<\/div>\n\n\n\n<div class=\"wp-block-columns is-layout-flex wp-container-9 wp-block-columns-is-layout-flex\">\n<div class=\"wp-block-column is-layout-flow wp-block-column-is-layout-flow\" style=\"flex-basis:55%\">\n<figure class=\"wp-block-image size-full is-style-default\"><img decoding=\"async\" loading=\"lazy\" width=\"800\" height=\"416\" src=\"https:\/\/semfronteiras.eu\/wp-content\/uploads\/2022\/01\/airadas-3.jpg\" alt=\"\" class=\"wp-image-4915\" srcset=\"https:\/\/nsf.pt\/wp-content\/uploads\/2022\/01\/airadas-3.jpg 800w, https:\/\/nsf.pt\/wp-content\/uploads\/2022\/01\/airadas-3-300x156.jpg 300w, https:\/\/nsf.pt\/wp-content\/uploads\/2022\/01\/airadas-3-768x399.jpg 768w\" sizes=\"(max-width: 800px) 100vw, 800px\" \/><\/figure>\n<\/div>\n\n\n\n<div class=\"wp-block-column is-layout-flow wp-block-column-is-layout-flow\">\n<figure class=\"wp-block-image size-full is-style-default\"><img decoding=\"async\" loading=\"lazy\" width=\"437\" height=\"247\" src=\"https:\/\/semfronteiras.eu\/wp-content\/uploads\/2022\/01\/8-jan-fotos.jpg\" alt=\"\" class=\"wp-image-4932\" srcset=\"https:\/\/nsf.pt\/wp-content\/uploads\/2022\/01\/8-jan-fotos.jpg 437w, https:\/\/nsf.pt\/wp-content\/uploads\/2022\/01\/8-jan-fotos-300x170.jpg 300w\" sizes=\"(max-width: 437px) 100vw, 437px\" \/><\/figure>\n<\/div>\n<\/div>\n<\/div><\/div>\n<\/div>\n<\/div>\n\n\n\n<p class=\"has-text-align-center has-black-color has-luminous-vivid-amber-background-color has-text-color has-background\"><strong>CLICAR NO T\u00cdTULO DE CADA PE\u00c7A &#8211; EM AZUL &#8211; PARA ACEDER A TODO O CONTE\u00daDO DO ARTIGO PUBLICADO<\/strong><\/p>\n\n\n\n<hr class=\"wp-block-separator\"\/>\n\n\n\n<p><\/p>\n\n\n\n<h1 class=\"wp-block-heading\"><a href=\"https:\/\/semfronteiras.eu\/index.php\/2022\/01\/17\/marinha-grande-terra-de-resistencia-e-luta\/\">Marinha Grande terra de resist\u00eancia e luta<\/a><\/h1>\n\n\n\n<p class=\"has-drop-cap\">1 <strong>DOSSI\u00caS SF<\/strong>&nbsp;| TRL \u2013 TERRAS DE RESIST\u00caNCIA E LUTA \u2013 N1 Janeiro 2022 | Marinha Grande<\/p>\n\n\n\n<h3 class=\"wp-block-heading\">Damos in\u00edcio aos Dossi\u00eas SF 2022 cujo enfoque residir\u00e1 numa abordagem territorial aos processos de resist\u00eancia e luta que ser\u00e1 desenvolvida numa perspetiva de mem\u00f3ria viva e de proje\u00e7\u00e3o de iniciativas futuras. Podemos arriscar que o exerc\u00edcio, cujo desenvolvimento se realizar\u00e1 na base dos princ\u00edpios da comunica\u00e7\u00e3o colaborativa, ou seja, dando voz tanto quanto poss\u00edvel aos protagonistas dos processos, poder\u00e1 constituir um primeiro esbo\u00e7o de um ATLAS tem\u00e1tico sobre movimentos sociais atuais em v\u00e1rias localidades do pa\u00eds que encontram ra\u00edzes na sua pr\u00f3pria hist\u00f3ria e na sua cultura de luta e de resist\u00eancia.<\/h3>\n\n\n\n<figure class=\"wp-block-image size-full is-style-default\"><img decoding=\"async\" loading=\"lazy\" width=\"800\" height=\"533\" src=\"https:\/\/semfronteiras.eu\/wp-content\/uploads\/2022\/01\/IMG_2436-co\u0301pia.jpeg\" alt=\"\" class=\"wp-image-4872\" srcset=\"https:\/\/nsf.pt\/wp-content\/uploads\/2022\/01\/IMG_2436-co\u0301pia.jpeg 800w, https:\/\/nsf.pt\/wp-content\/uploads\/2022\/01\/IMG_2436-co\u0301pia-300x200.jpeg 300w, https:\/\/nsf.pt\/wp-content\/uploads\/2022\/01\/IMG_2436-co\u0301pia-768x512.jpeg 768w\" sizes=\"(max-width: 800px) 100vw, 800px\" \/><\/figure>\n\n\n\n<p><\/p>\n\n\n\n<hr class=\"wp-block-separator\"\/>\n\n\n\n<h1 class=\"wp-block-heading\"><a href=\"https:\/\/semfronteiras.eu\/index.php\/2022\/01\/17\/o-sem-fronteiras-nas-comemoracoes-do-18-de-janeiro-de-1934\/\">O Sem Fronteiras nas comemora\u00e7\u00f5es do 18 de Janeiro de 1934<\/a><\/h1>\n\n\n\n<p class=\"has-drop-cap\">2 <strong>DOSSI\u00caS SF<\/strong>&nbsp;| TRL \u2013 TERRAS DE RESIST\u00caNCIA E LUTA \u2013 N1 Janeiro 2022 | Marinha Grande<\/p>\n\n\n\n<h2 class=\"wp-block-heading\">CONTA-ME COMO FOI\u2026 COMEMORA\u00c7\u00d5ES DO 18 DE JANEIRO DE 1934<\/h2>\n\n\n\n<h3 class=\"wp-block-heading\">A C\u00e2mara Municipal da Marinha Grande divulgou a iniciativa \u201cCONTA-ME COMO FOI\u2026\u201d um debate que se realiza amanh\u00e3 \u00e0 tarde, dia 18 de janeiro, no audit\u00f3rio&nbsp;da Escola Calazans Duarte que conta com o Sem Fronteiras na modera\u00e7\u00e3o.<\/h3>\n\n\n\n<figure class=\"wp-block-image size-large is-style-default\"><img decoding=\"async\" loading=\"lazy\" width=\"762\" height=\"1024\" src=\"https:\/\/semfronteiras.eu\/wp-content\/uploads\/2022\/01\/WhatsApp-Image-2022-01-16-at-23.05.41-762x1024.jpeg\" alt=\"\" class=\"wp-image-4904\" srcset=\"https:\/\/nsf.pt\/wp-content\/uploads\/2022\/01\/WhatsApp-Image-2022-01-16-at-23.05.41-762x1024.jpeg 762w, https:\/\/nsf.pt\/wp-content\/uploads\/2022\/01\/WhatsApp-Image-2022-01-16-at-23.05.41-223x300.jpeg 223w, https:\/\/nsf.pt\/wp-content\/uploads\/2022\/01\/WhatsApp-Image-2022-01-16-at-23.05.41-768x1032.jpeg 768w, https:\/\/nsf.pt\/wp-content\/uploads\/2022\/01\/WhatsApp-Image-2022-01-16-at-23.05.41-1143x1536.jpeg 1143w, https:\/\/nsf.pt\/wp-content\/uploads\/2022\/01\/WhatsApp-Image-2022-01-16-at-23.05.41-1024x1376.jpeg 1024w, https:\/\/nsf.pt\/wp-content\/uploads\/2022\/01\/WhatsApp-Image-2022-01-16-at-23.05.41.jpeg 1429w\" sizes=\"(max-width: 762px) 100vw, 762px\" \/><\/figure>\n\n\n\n<hr class=\"wp-block-separator\"\/>\n\n\n\n<p><\/p>\n\n\n\n<h1 class=\"wp-block-heading\"><a href=\"https:\/\/semfronteiras.eu\/index.php\/2022\/01\/22\/marinha-grande-uma-insurreicao-com-a-massa-operaria-na-rua-a-apoiar\/\">Marinha Grande, uma insurrei\u00e7\u00e3o com a massa oper\u00e1ria na rua a apoiar<\/a><\/h1>\n\n\n\n<p class=\"has-drop-cap\">3 <strong>DOSSI\u00caS SF&nbsp;<\/strong>|&nbsp;TRL \u2013 TERRAS DE RESIST\u00caNCIA E LUTA \u2013 N1 Janeiro 2022 | Marinha Grande<\/p>\n\n\n\n<h3 class=\"wp-block-heading\">N\u00e3o aconteceu por acaso, foi a a\u00e7\u00e3o mais relevante da greve geral de 1934, fracassou e marcou um per\u00edodo de refluxo do movimento oper\u00e1rio at\u00e9 ent\u00e3o dominado pelos anarco-sindicalistas. Um novo ciclo da hist\u00f3ria europeia tinha sido aberto, em 30 de janeiro de 1933, com a chamada de Hitler pelo Presidente alem\u00e3o Marechal Paul Von Hindenburg para chefiar o novo governo. Em Portugal a Constitui\u00e7\u00e3o do Estado Novo procurava legitimar o regime sa\u00eddo do golpe militar de 28 de maio de 1926.<\/h3>\n\n\n\n<p><\/p>\n\n\n\n<figure class=\"wp-block-image size-large is-style-default\"><img decoding=\"async\" loading=\"lazy\" width=\"1024\" height=\"726\" src=\"https:\/\/semfronteiras.eu\/wp-content\/uploads\/2022\/01\/WhatsApp-Image-2022-01-07-at-18.29.23-1024x726.jpeg\" alt=\"\" class=\"wp-image-4930\" srcset=\"https:\/\/nsf.pt\/wp-content\/uploads\/2022\/01\/WhatsApp-Image-2022-01-07-at-18.29.23-1024x726.jpeg 1024w, https:\/\/nsf.pt\/wp-content\/uploads\/2022\/01\/WhatsApp-Image-2022-01-07-at-18.29.23-300x213.jpeg 300w, https:\/\/nsf.pt\/wp-content\/uploads\/2022\/01\/WhatsApp-Image-2022-01-07-at-18.29.23-768x544.jpeg 768w, https:\/\/nsf.pt\/wp-content\/uploads\/2022\/01\/WhatsApp-Image-2022-01-07-at-18.29.23-1536x1088.jpeg 1536w, https:\/\/nsf.pt\/wp-content\/uploads\/2022\/01\/WhatsApp-Image-2022-01-07-at-18.29.23.jpeg 2048w\" sizes=\"(max-width: 1024px) 100vw, 1024px\" \/><\/figure>\n\n\n\n<p><\/p>\n\n\n\n<hr class=\"wp-block-separator\"\/>\n\n\n\n<h1 class=\"wp-block-heading\"><a href=\"https:\/\/semfronteiras.eu\/index.php\/2022\/01\/25\/a-marinha-grande-a-pe-coxinho\/\">A Marinha Grande a p\u00e9-coxinho<\/a><\/h1>\n\n\n\n<p class=\"has-drop-cap\">4 DOSSI\u00caS SF&nbsp;|&nbsp;TRL \u2013 TERRAS DE RESIST\u00caNCIA E LUTA \u2013 N1 Janeiro 2022 | Marinha Grande<\/p>\n\n\n\n<h3 class=\"wp-block-heading\">Para al\u00e9m do 18 de janeiro, tema central do DOSSI\u00ca ESPECIAL SF de janeiro 2022 na Marinha Grande h\u00e1 mat\u00e9ria a sinalizar que vamos apresentar de forma avulsa. Uma visita err\u00e1tica com apontamentos diversos, desde locais significativos, livros, realiza\u00e7\u00f5es passadas e outros pormenores. C\u00e1 vamos, \u00e9 s\u00f3 seguir o guia que j\u00e1 se confessou pouco seguro da rota.<\/h3>\n\n\n\n<figure class=\"wp-block-image is-style-default\"><img decoding=\"async\" src=\"https:\/\/semfronteiras.eu\/wp-content\/uploads\/2022\/01\/IMG_2562-co%CC%81pia-2-1024x683.jpg\" alt=\"\"\/><\/figure>\n\n\n\n<p><\/p>\n\n\n\n<hr class=\"wp-block-separator\"\/>\n\n\n\n<h1 class=\"wp-block-heading\"><a href=\"https:\/\/semfronteiras.eu\/index.php\/2022\/01\/24\/o-debate-sobre-o-18-de-janeiro-1934\/\">O debate sobre o 18 de janeiro 1934<\/a><\/h1>\n\n\n\n<p class=\"has-drop-cap\">5 <strong>DOSSI\u00caS SF<\/strong>&nbsp;|&nbsp;TRL \u2013 TERRAS DE RESIST\u00caNCIA E LUTA \u2013 N1 Janeiro 2022 | Marinha Grande<\/p>\n\n\n\n<h3 class=\"wp-block-heading\">A Marinha Grande destacou-se nos acontecimentos da greve geral de janeiro de 1934 pela relev\u00e2ncia dos atos empreendidos que assumiram um car\u00e1ter insurrecional. Mas a mobiliza\u00e7\u00e3o dos trabalhadores e da popula\u00e7\u00e3o local foi limitada se a compararmos com outras localidades como \u00e9 o caso de Almada e Silves.<\/h3>\n\n\n\n<div class=\"wp-block-image is-style-default\"><figure class=\"aligncenter size-full\"><img decoding=\"async\" loading=\"lazy\" width=\"615\" height=\"349\" src=\"https:\/\/semfronteiras.eu\/wp-content\/uploads\/2022\/01\/bate-56.jpg\" alt=\"\" class=\"wp-image-4954\" srcset=\"https:\/\/nsf.pt\/wp-content\/uploads\/2022\/01\/bate-56.jpg 615w, https:\/\/nsf.pt\/wp-content\/uploads\/2022\/01\/bate-56-300x170.jpg 300w\" sizes=\"(max-width: 615px) 100vw, 615px\" \/><\/figure><\/div>\n\n\n\n<hr class=\"wp-block-separator\"\/>\n\n\n\n<h1 class=\"wp-block-heading\"><a href=\"https:\/\/semfronteiras.eu\/index.php\/2022\/01\/21\/um-dia-na-marinha-grande\/\">Um dia na Marinha Grande<\/a><\/h1>\n\n\n\n<p class=\"has-drop-cap\">6 <strong>DOSSI\u00caS SF&nbsp;<\/strong>|&nbsp;TRL \u2013 TERRAS DE RESIST\u00caNCIA E LUTA \u2013 N1 Janeiro 2022 | Marinha Grande<\/p>\n\n\n\n<h2 class=\"wp-block-heading\">O 18 de janeiro de 2022<\/h2>\n\n\n\n<h3 class=\"wp-block-heading\">Pouco depois de batermos a porta do carro, estacionado \u00e0 frente da da Guilherme Stephens, j\u00e1 est\u00e1vamos na cafetaria da escola a contactar, quase espontaneamente, com o 18 de janeiro de 1934. Expostas numa parede do fundo da sala, uma d\u00fazia de fotografias dos protagonistas mais representativos da insurrei\u00e7\u00e3o marinhense e alguns cartazes serviam de cen\u00e1rio ao caf\u00e9 da manh\u00e3.<\/h3>\n\n\n\n<p><\/p>\n\n\n\n<figure class=\"wp-block-image size-large is-style-default\"><img decoding=\"async\" loading=\"lazy\" width=\"1024\" height=\"683\" src=\"https:\/\/semfronteiras.eu\/wp-content\/uploads\/2022\/01\/IMG_2497-co\u0301pia-1024x683.jpg\" alt=\"\" class=\"wp-image-4892\" srcset=\"https:\/\/nsf.pt\/wp-content\/uploads\/2022\/01\/IMG_2497-co\u0301pia-1024x683.jpg 1024w, https:\/\/nsf.pt\/wp-content\/uploads\/2022\/01\/IMG_2497-co\u0301pia-300x200.jpg 300w, https:\/\/nsf.pt\/wp-content\/uploads\/2022\/01\/IMG_2497-co\u0301pia-768x512.jpg 768w, https:\/\/nsf.pt\/wp-content\/uploads\/2022\/01\/IMG_2497-co\u0301pia-1536x1024.jpg 1536w, https:\/\/nsf.pt\/wp-content\/uploads\/2022\/01\/IMG_2497-co\u0301pia-2048x1365.jpg 2048w\" sizes=\"(max-width: 1024px) 100vw, 1024px\" \/><\/figure>\n\n\n\n<p><\/p>\n\n\n\n<hr class=\"wp-block-separator\"\/>\n\n\n\n<h1 class=\"wp-block-heading\"><a href=\"https:\/\/semfronteiras.eu\/index.php\/2022\/01\/27\/o-teatro-operario-e-o-18-de-janeiro-1934\/\">O Teatro Oper\u00e1rio e o 18 de janeiro 1934<\/a><\/h1>\n\n\n\n<p class=\"has-drop-cap\">7 <strong>DOSSI\u00caS SF&nbsp;<\/strong>|&nbsp;TRL \u2013 TERRAS DE RESIST\u00caNCIA E LUTA \u2013 N1 Janeiro 2022 | Marinha Grande<\/p>\n\n\n\n<h4 class=\"wp-block-heading\">Existe uma rela\u00e7\u00e3o umbilical entre o Teatro Oper\u00e1rio de Paris e os acontecimentos do 18 de janeiro que ocorreram na Marinha Grande em 1934. Podemos falar de uma opera\u00e7\u00e3o de desoculta\u00e7\u00e3o que n\u00e3o lembrava ao diabo. Mas o que \u00e9 que levou um grupo heterog\u00e9neo de militantes, oper\u00e1rios, ex-estudantes, desertores, exilados a desenterrar um tema que estava bem guardado no esquecimento de conveni\u00eancia de todos aqueles que entretanto se tinham apaixonado pelo suave caminho da oposi\u00e7\u00e3o elegante ao regime ditaturial?<\/h4>\n\n\n\n<figure class=\"wp-block-image size-large is-style-default\"><img decoding=\"async\" loading=\"lazy\" width=\"1024\" height=\"768\" src=\"https:\/\/semfronteiras.eu\/wp-content\/uploads\/2022\/01\/20220127_002202-1024x768.jpg\" alt=\"\" class=\"wp-image-4994\" srcset=\"https:\/\/nsf.pt\/wp-content\/uploads\/2022\/01\/20220127_002202-1024x768.jpg 1024w, https:\/\/nsf.pt\/wp-content\/uploads\/2022\/01\/20220127_002202-300x225.jpg 300w, https:\/\/nsf.pt\/wp-content\/uploads\/2022\/01\/20220127_002202-768x576.jpg 768w, https:\/\/nsf.pt\/wp-content\/uploads\/2022\/01\/20220127_002202-1536x1152.jpg 1536w, https:\/\/nsf.pt\/wp-content\/uploads\/2022\/01\/20220127_002202-2048x1536.jpg 2048w\" sizes=\"(max-width: 1024px) 100vw, 1024px\" \/><\/figure>\n\n\n\n<p><\/p>\n\n\n\n<hr class=\"wp-block-separator\"\/>\n\n\n\n<h1 class=\"wp-block-heading\"><a href=\"https:\/\/semfronteiras.eu\/index.php\/2022\/01\/23\/o-lavrador-poeta-o-escritor-diplomata-e-o-vidreiro-revolucionario\/\">O Lavrador-poeta, o escritor-diplomata e o vidreiro revolucion\u00e1rio<\/a><\/h1>\n\n\n\n<p class=\"has-drop-cap\">8 AGENDA | Encontros Imagin\u00e1rios \u2013 A BARRACA<\/p>\n\n\n\n<h3 class=\"wp-block-heading\">O interclassismo como experi\u00eancia peculiar proposta pelos Encontros Imagin\u00e1rios na A BARRACA. O alerta sobre a data de realiza\u00e7\u00e3o, amanh\u00e3, vem diretamente da A Barraca.<\/h3>\n\n\n\n<div class=\"wp-block-image is-style-default\"><figure class=\"aligncenter size-full\"><img decoding=\"async\" loading=\"lazy\" width=\"424\" height=\"346\" src=\"https:\/\/semfronteiras.eu\/wp-content\/uploads\/2022\/01\/barraca3.jpg\" alt=\"\" class=\"wp-image-4940\" srcset=\"https:\/\/nsf.pt\/wp-content\/uploads\/2022\/01\/barraca3.jpg 424w, https:\/\/nsf.pt\/wp-content\/uploads\/2022\/01\/barraca3-300x245.jpg 300w\" sizes=\"(max-width: 424px) 100vw, 424px\" \/><\/figure><\/div>\n\n\n\n<p><\/p>\n\n\n\n<hr class=\"wp-block-separator\"\/>\n\n\n\n<h1 class=\"wp-block-heading\"><a href=\"https:\/\/semfronteiras.eu\/index.php\/2022\/01\/27\/continuar-a-celebrar-programar-e-festejar-o-18-de-janeiro-de-1934\/\">Continuar a celebrar, programar e festejar o 18 de janeiro de 1934<\/a><\/h1>\n\n\n\n<p class=\"has-drop-cap has-small-font-size\">9 <strong>DOSSI\u00caS SF&nbsp;<\/strong>|&nbsp;TRL \u2013 TERRAS DE RESIST\u00caNCIA E LUTA \u2013 N1 Janeiro 2022 | Marinha Grande<\/p>\n\n\n\n<h3 class=\"wp-block-heading\">Alunas e alunos da Marinha Grande escrevem para o SEM Fronteiras. Hoje \u00e9 a vez da Matilde Lopes que nos relata o percurso err\u00e1tico que realizou ao longo de uma semana participando em atividades cuja finalidade consistiu em comemorar, de forma din\u00e2mica, o dia mais emblem\u00e1tico do calend\u00e1rio anual da cidade vidreira.<\/h3>\n\n\n\n<h3 class=\"wp-block-heading\"><strong>Relato do 18 de janeiro (de 2022) de uma estudante marinhense<\/strong><\/h3>\n\n\n\n<figure class=\"wp-block-image size-large is-style-default\"><img decoding=\"async\" loading=\"lazy\" width=\"1024\" height=\"724\" src=\"https:\/\/semfronteiras.eu\/wp-content\/uploads\/2022\/01\/matilde-1024x724.jpg\" alt=\"\" class=\"wp-image-4998\" srcset=\"https:\/\/nsf.pt\/wp-content\/uploads\/2022\/01\/matilde-1024x724.jpg 1024w, https:\/\/nsf.pt\/wp-content\/uploads\/2022\/01\/matilde-300x212.jpg 300w, https:\/\/nsf.pt\/wp-content\/uploads\/2022\/01\/matilde-768x543.jpg 768w, https:\/\/nsf.pt\/wp-content\/uploads\/2022\/01\/matilde.jpg 1062w\" sizes=\"(max-width: 1024px) 100vw, 1024px\" \/><\/figure>\n\n\n\n<p><\/p>\n\n\n\n<hr class=\"wp-block-separator\"\/>\n\n\n\n<h1 class=\"wp-block-heading\"><a href=\"https:\/\/semfronteiras.eu\/index.php\/2022\/01\/31\/desconfiem\/\">Desconfiem!<\/a><\/h1>\n\n\n\n<p class=\"has-drop-cap\">DEZ | <strong>DOSSI\u00caS SF&nbsp;<\/strong>|&nbsp;TRL \u2013 TERRAS DE RESIST\u00caNCIA E LUTA \u2013 N1 Janeiro 2022 | Marinha Grande<\/p>\n\n\n\n<h3 class=\"wp-block-heading\">Alunas e alunos da Marinha Grande escrevem para o SEM Fronteiras. Hoje \u00e9 a vez da Maria Rodrigues que avalia o impacto dos acontecimentos ocorridos na Marinha Grande em janeiro de 1934 questionando ainda as atitudes de desprezo pelo legado hist\u00f3rico da revolta e a necessidade imperiosa de ela ser mais conhecida por todos.<\/h3>\n\n\n\n<p><\/p>\n\n\n\n<div class=\"wp-block-image is-style-default\"><figure class=\"aligncenter size-full\"><img decoding=\"async\" loading=\"lazy\" width=\"690\" height=\"428\" src=\"https:\/\/semfronteiras.eu\/wp-content\/uploads\/2022\/01\/mro3.jpg\" alt=\"\" class=\"wp-image-5030\" srcset=\"https:\/\/nsf.pt\/wp-content\/uploads\/2022\/01\/mro3.jpg 690w, https:\/\/nsf.pt\/wp-content\/uploads\/2022\/01\/mro3-300x186.jpg 300w\" sizes=\"(max-width: 690px) 100vw, 690px\" \/><figcaption>Maria Rodrigues<\/figcaption><\/figure><\/div>\n\n\n\n<hr class=\"wp-block-separator\"\/>\n\n\n\n<h2 class=\"wp-block-heading\">ONZE<\/h2>\n\n\n\n<figure class=\"wp-block-embed is-type-video is-provider-youtube wp-block-embed-youtube wp-embed-aspect-16-9 wp-has-aspect-ratio\"><div class=\"wp-block-embed__wrapper\">\n<iframe loading=\"lazy\" title=\"Teatro Oper\u00e1rio MG - 4\" width=\"640\" height=\"360\" src=\"https:\/\/www.youtube.com\/embed\/TVdsCsLxnas?feature=oembed\" frameborder=\"0\" allow=\"accelerometer; autoplay; clipboard-write; encrypted-media; gyroscope; picture-in-picture\" allowfullscreen><\/iframe>\n<\/div><\/figure>\n\n\n\n<p><\/p>\n\n\n\n<hr class=\"wp-block-separator\"\/>\n\n\n\n<h2 class=\"wp-block-heading\">DOZE<\/h2>\n\n\n\n<p><\/p>\n\n\n\n<figure class=\"wp-block-embed is-type-video is-provider-youtube wp-block-embed-youtube wp-embed-aspect-16-9 wp-has-aspect-ratio\"><div class=\"wp-block-embed__wrapper\">\n<iframe loading=\"lazy\" title=\"Teatro Oper\u00e1rio MG - 3\" width=\"640\" height=\"360\" src=\"https:\/\/www.youtube.com\/embed\/MzBc7qmSXDw?feature=oembed\" frameborder=\"0\" allow=\"accelerometer; autoplay; clipboard-write; encrypted-media; gyroscope; picture-in-picture\" allowfullscreen><\/iframe>\n<\/div><\/figure>\n\n\n\n<p><\/p>\n\n\n\n<hr class=\"wp-block-separator\"\/>\n\n\n\n<h2 class=\"wp-block-heading\">TREZE<\/h2>\n\n\n\n<figure class=\"wp-block-embed is-type-video is-provider-youtube wp-block-embed-youtube wp-embed-aspect-16-9 wp-has-aspect-ratio\"><div class=\"wp-block-embed__wrapper\">\n<iframe loading=\"lazy\" title=\"Teatro Oper\u00e1rio - MG - 2\" width=\"640\" height=\"360\" src=\"https:\/\/www.youtube.com\/embed\/jP6yagsXwio?feature=oembed\" frameborder=\"0\" allow=\"accelerometer; autoplay; clipboard-write; encrypted-media; gyroscope; picture-in-picture\" allowfullscreen><\/iframe>\n<\/div><\/figure>\n\n\n\n<p><\/p>\n\n\n\n<hr class=\"wp-block-separator\"\/>\n","protected":false},"excerpt":{"rendered":"<p>CLICAR NO T\u00cdTULO DE CADA PE\u00c7A &#8211; EM AZUL &#8211; PARA ACEDER A TODO O&#8230;<\/p>\n","protected":false},"author":2,"featured_media":4930,"parent":0,"menu_order":0,"comment_status":"closed","ping_status":"closed","template":"","meta":{"sfsi_plus_gutenberg_text_before_share":"","sfsi_plus_gutenberg_show_text_before_share":"","sfsi_plus_gutenberg_icon_type":"","sfsi_plus_gutenberg_icon_alignemt":"","sfsi_plus_gutenburg_max_per_row":"","ngg_post_thumbnail":0,"footnotes":""},"_links":{"self":[{"href":"https:\/\/nsf.pt\/index.php\/wp-json\/wp\/v2\/pages\/5451"}],"collection":[{"href":"https:\/\/nsf.pt\/index.php\/wp-json\/wp\/v2\/pages"}],"about":[{"href":"https:\/\/nsf.pt\/index.php\/wp-json\/wp\/v2\/types\/page"}],"author":[{"embeddable":true,"href":"https:\/\/nsf.pt\/index.php\/wp-json\/wp\/v2\/users\/2"}],"replies":[{"embeddable":true,"href":"https:\/\/nsf.pt\/index.php\/wp-json\/wp\/v2\/comments?post=5451"}],"version-history":[{"count":5,"href":"https:\/\/nsf.pt\/index.php\/wp-json\/wp\/v2\/pages\/5451\/revisions"}],"predecessor-version":[{"id":5978,"href":"https:\/\/nsf.pt\/index.php\/wp-json\/wp\/v2\/pages\/5451\/revisions\/5978"}],"wp:featuredmedia":[{"embeddable":true,"href":"https:\/\/nsf.pt\/index.php\/wp-json\/wp\/v2\/media\/4930"}],"wp:attachment":[{"href":"https:\/\/nsf.pt\/index.php\/wp-json\/wp\/v2\/media?parent=5451"}],"curies":[{"name":"wp","href":"https:\/\/api.w.org\/{rel}","templated":true}]}}